{"id":4590,"date":"2025-11-07T10:40:27","date_gmt":"2025-11-07T10:40:27","guid":{"rendered":"https:\/\/www.bashkiakurbin.gov.al\/?page_id=4590"},"modified":"2025-11-07T15:26:10","modified_gmt":"2025-11-07T15:26:10","slug":"itinerari-malesia-e-kurbinit","status":"publish","type":"page","link":"https:\/\/www.bashkiakurbin.gov.al\/?page_id=4590","title":{"rendered":"Itinerari &#8220;Mal\u00ebsia e Kurbinit&#8221;"},"content":{"rendered":"\n<p>Botimi i k\u00ebsaj broshure synon t\u00eb promovoj\u00eb potencialin turistik, kulturor dhe natyror t\u00eb Mal\u00ebsis\u00eb s\u00eb Kurbinit \u2013 nj\u00eb zon\u00eb me reliev t\u00eb larmish\u00ebm, monumente historike dhe tradita mikpritjeje unike. Ajo prezanton destinacione t\u00eb tilla si La\u00e7i, Miloti, Gryka e Shkopetit, Mali i Sk\u00ebnderbeut, dhe fshatrat Gallat\u00eb, Skuraj, Vinjoll, Selit\u00eb, ku historia, besimi dhe natyra bashkohen n\u00eb m\u00ebnyr\u00eb harmonike.<\/p>\n\n\n\n<p>Ve\u00e7an\u00ebrisht spikasin objektet e kultit si Kisha e Sh\u00ebn Ndout, Teqja e Shullazit, Kisha e Sh\u00ebn Prend\u00ebs dhe ish-Arqipeshkvia e Durr\u00ebsit n\u00eb Delbnisht \u2013 e restauruar pas t\u00ebrmetit 2019 me mb\u00ebshtetjen e EU4Culture.<\/p>\n\n\n\n<p>Broshura fton vizitor\u00ebt t\u00eb p\u00ebrjetojn\u00eb nj\u00eb eksperienc\u00eb t\u00eb plot\u00eb p\u00ebrmes shtigjeve malore, turizmit t\u00eb aventur\u00ebs, ushqimit tradicional dhe bujtinave mikprit\u00ebse. Ajo sh\u00ebrben si udh\u00ebzues praktik p\u00ebr turist\u00ebt, operator\u00ebt dhe agjencit\u00eb q\u00eb duan t\u00eb zhvillojn\u00eb itinerare kulturore e natyrore n\u00eb k\u00ebt\u00eb zon\u00eb.<\/p>\n\n\n\n<p>Kjo broshur\u00eb \u00ebsht\u00eb p\u0451rgatitur nga Fondacioni Shqiptar p\u00ebr Zhvillimin e Kapaciteteve Lokale (ALCDF), n\u00eb kuad\u00ebr t\u00eb programit EU4Culture, financuar nga Bashkimi Evropian dhe zbatuar nga UNOPS n\u00eb bashk\u00ebpunim me Ministrin\u00eb e Turizmit, Kultur\u00ebs dhe Sportit. P\u00ebrmbajtja e saj \u00ebsht\u00eb p\u00ebrgjegj\u00ebsi e vetme e hartuesve dhe nuk pasqyron domosdoshm\u00ebrisht pik\u00ebpamjet e Bashkimit Evropian dhe\/ose UNOPS.<\/p>\n\n\n\n<p>Informacion m\u00eb t\u00eb plot\u00eb rreth k\u00ebtij itinerari mund t\u00eb gjeni n\u00eb linkun m\u00eb posht\u00eb:<\/p>\n\n\n\n<p><a href=\"https:\/\/alcdf.org\/publications\/Broshura_itinerarit_te_malesise_se_Kurbinit.pdf\">&#8220;Shkarkoni dokumentin&#8221;<\/a><\/p>\n","protected":false},"excerpt":{"rendered":"<p>Botimi i k\u00ebsaj broshure synon t\u00eb promovoj\u00eb potencialin turistik, kulturor dhe natyror t\u00eb Mal\u00ebsis\u00eb s\u00eb Kurbinit \u2013 nj\u00eb zon\u00eb me reliev t\u00eb larmish\u00ebm, monumente historike dhe tradita mikpritjeje unike. Ajo prezanton destinacione t\u00eb tilla si La\u00e7i, Miloti, Gryka e Shkopetit, Mali i Sk\u00ebnderbeut, dhe fshatrat Gallat\u00eb, Skuraj, Vinjoll, Selit\u00eb, ku historia, besimi dhe natyra bashkohen [&hellip;]<\/p>\n","protected":false},"author":1,"featured_media":0,"parent":0,"menu_order":0,"comment_status":"closed","ping_status":"closed","template":"","meta":{"footnotes":""},"class_list":["post-4590","page","type-page","status-publish","hentry"],"_links":{"self":[{"href":"https:\/\/www.bashkiakurbin.gov.al\/index.php?rest_route=\/wp\/v2\/pages\/4590","targetHints":{"allow":["GET"]}}],"collection":[{"href":"https:\/\/www.bashkiakurbin.gov.al\/index.php?rest_route=\/wp\/v2\/pages"}],"about":[{"href":"https:\/\/www.bashkiakurbin.gov.al\/index.php?rest_route=\/wp\/v2\/types\/page"}],"author":[{"embeddable":true,"href":"https:\/\/www.bashkiakurbin.gov.al\/index.php?rest_route=\/wp\/v2\/users\/1"}],"replies":[{"embeddable":true,"href":"https:\/\/www.bashkiakurbin.gov.al\/index.php?rest_route=%2Fwp%2Fv2%2Fcomments&post=4590"}],"version-history":[{"count":4,"href":"https:\/\/www.bashkiakurbin.gov.al\/index.php?rest_route=\/wp\/v2\/pages\/4590\/revisions"}],"predecessor-version":[{"id":4627,"href":"https:\/\/www.bashkiakurbin.gov.al\/index.php?rest_route=\/wp\/v2\/pages\/4590\/revisions\/4627"}],"wp:attachment":[{"href":"https:\/\/www.bashkiakurbin.gov.al\/index.php?rest_route=%2Fwp%2Fv2%2Fmedia&parent=4590"}],"curies":[{"name":"wp","href":"https:\/\/api.w.org\/{rel}","templated":true}]}}