{"id":3674,"date":"2023-12-20T15:36:37","date_gmt":"2023-12-20T15:36:37","guid":{"rendered":"https:\/\/www.bashkiakurbin.gov.al\/?page_id=3674"},"modified":"2023-12-20T17:26:06","modified_gmt":"2023-12-20T17:26:06","slug":"mbi-sherbimet-qe-ofron-bashkia","status":"publish","type":"page","link":"https:\/\/www.bashkiakurbin.gov.al\/?page_id=3674","title":{"rendered":"Mbi sh\u00ebrbimet q\u00eb ofron bashkia"},"content":{"rendered":"<p>[vc_row][vc_column][vc_column_text]<strong>Funksionet e Bashkis\u00eb Kurbin n\u00eb fush\u00ebn e infrastruktur\u00ebs dhe sh\u00ebrbimeve publike<\/strong><\/p>\n<p>N\u00eb fush\u00ebn e infrastruktur\u00ebs dhe sh\u00ebrbimeve publike, Bashkia Kurbin \u00ebsht\u00eb p\u00ebrgjegj\u00ebse n\u00eb territorin e juridiksionit t\u00eb tyre p\u00ebr:<\/p>\n<p>Prodhimin, trajtimin, transmetimin dhe furnizimin me uj\u00eb t\u00eb pijsh\u00ebm;<br \/>\nMbledhjen, largimin dhe trajtimin e uj\u00ebrave t\u00eb ndotura;<br \/>\nMbledhjen dhe largimin e uj\u00ebrave t\u00eb shiut dhe mbrojtjen nga p\u00ebrmbytjet n\u00eb zonat e banuara;<br \/>\nNd\u00ebrtimin, rehabilitimin dhe mir\u00ebmbajtjen e rrug\u00ebve vendore dhe sinjalizimit rrugor, t\u00eb trotuareve dhe shesheve publike vendore;<br \/>\nNdri\u00e7imin e mjediseve publike;<br \/>\nTransportin publik vendor;<br \/>\nNd\u00ebrtimin, rehabilitimin dhe mir\u00ebmbajtjen e varrezave publike, si dhe garantimin e sh\u00ebrbimit publik t\u00eb varrimit;<br \/>\nSh\u00ebrbimin e dekorit publik;<br \/>\nParqet, lulishtet dhe hap\u00ebsirat e gjelbra publike;<br \/>\nMbledhjen, largimin dhe trajtimin e mbetjeve t\u00eb ngurta dhe sht\u00ebpiake;<br \/>\nNd\u00ebrtimin, rehabilitimin dhe mir\u00ebmbajtjen e nd\u00ebrtesave arsimore t\u00eb sistemit shkollor parauniversitar, me p\u00ebrjashtim t\u00eb shkollave profesionale;<br \/>\nAdministrimin dhe rregullimin e sistemit arsimor parashkollor n\u00eb kopshte dhe \u00e7erdhe;<br \/>\nNd\u00ebrtimin, rehabilitimin dhe mir\u00ebmbajtjen e nd\u00ebrtesave t\u00eb sh\u00ebrbimit par\u00ebsor sh\u00ebndet\u00ebsor dhe zhvillimin e aktiviteteve edukuese e promovuese n\u00eb nivel vendor, t\u00eb cilat lidhen me mbrojtjen e sh\u00ebndetit, si dhe administrimin e qendrave e t\u00eb sh\u00ebrbimeve t\u00eb tjera n\u00eb fush\u00ebn e sh\u00ebndetit publik, sipas m\u00ebnyr\u00ebs s\u00eb p\u00ebrcaktuar me ligj;<br \/>\nPlanifikimin, administrimin, zhvillimin dhe kontrollin e territorit, sipas m\u00ebnyr\u00ebs s\u00eb p\u00ebrcaktuar me ligj.<\/p>\n<p>Funksionet e Bashkis\u00eb Kurbin n\u00eb fush\u00ebn e sh\u00ebrbimeve sociale<\/p>\n<p>Bashkia Kurbin \u00ebsht\u00eb p\u00ebrgjegj\u00ebse p\u00ebr kryerjen e k\u00ebtyre funksioneve:<\/p>\n<p>Krijimin dhe administrimin e sh\u00ebrbimeve sociale, n\u00eb nivel vendor, p\u00ebr shtresat n\u00eb nevoj\u00eb, personat me aft\u00ebsi t\u00eb kufizuara, f\u00ebmij\u00ebt, grat\u00eb, grate kryefamiljare, grat\u00eb e dhunuara, viktima t\u00eb trafikut, n\u00ebna apo prind\u00ebr me shum\u00eb f\u00ebmij\u00eb, t\u00eb moshuarit etj., sipas m\u00ebnyr\u00ebs s\u00eb p\u00ebrcaktuar me ligj;<br \/>\nNd\u00ebrtimin dhe administrimin e banesave p\u00ebr strehimin social, sipas m\u00ebnyr\u00ebs s\u00eb p\u00ebrcaktuar me ligj;<br \/>\nNd\u00ebrtimin dhe administrimin e qendrave p\u00ebr ofrimin e sh\u00ebrbimeve sociale vendore;<br \/>\nKrijimin, n\u00eb bashk\u00ebpunim me ministrin\u00eb p\u00ebrgjegj\u00ebse p\u00ebr mir\u00ebqenien sociale, t\u00eb fondit social; p\u00ebr financimin e sh\u00ebrbimeve, sipas m\u00ebnyr\u00ebs s\u00eb p\u00ebrcaktuar me ligj.<br \/>\nFunksionet e Bashkis\u00eb Kurbin n\u00eb fush\u00ebn e kultur\u00ebs, sportit dhe sh\u00ebrbimeve arg\u00ebtuese<\/p>\n<p>Bashkia Kurbin \u00ebsht\u00eb p\u00ebrgjegj\u00ebse p\u00ebr kryerjen e k\u00ebtyre funksioneve:<\/p>\n<p>Zhvillimin, mbrojtjen dhe promovimin e vlerave e t\u00eb trash\u00ebgimis\u00eb kulturore me interes vendor, si dhe administrimin e objekteve q\u00eb lidhen me ushtrimin e k\u00ebtyre funksioneve;<br \/>\nOrganizimin e aktiviteteve kulturore dhe promovimin e identitetit komb\u00ebtar e lokal, si dhe administrimin e objekteve q\u00eb lidhen me ushtrimin e k\u00ebtyre funksioneve;<br \/>\nZhvillimin, mbrojtjen dhe promovimin e bibliotekave e t\u00eb ambienteve p\u00ebr lexim, me q\u00ebllim edukimin e p\u00ebrgjithsh\u00ebm t\u00eb qytetar\u00ebve;<br \/>\nOrganizimin e aktiviteteve sportive, \u00e7lodh\u00ebse e arg\u00ebtuese, zhvillimin dhe administrimin e institucioneve e t\u00eb objekteve q\u00eb lidhen me ushtrimin e k\u00ebtyre funksioneve.<br \/>\nFunksionet e Bashkis\u00eb Kurbin n\u00eb fush\u00ebn e mbrojtjes s\u00eb mjedisit<\/p>\n<p>Bashkia Kurbin \u00ebsht\u00eb p\u00ebrgjegj\u00ebse p\u00ebr kryerjen e k\u00ebtyre funksioneve:<\/p>\n<p>Sigurimin, n\u00eb nivel vendor, t\u00eb masave p\u00ebr mbrojtjen e cil\u00ebsis\u00eb s\u00eb ajrit, tok\u00ebs dhe ujit nga ndotja;<br \/>\nSigurimin, n\u00eb nivel vendor, t\u00eb masave p\u00ebr mbrojtjen nga ndotja akustike;<br \/>\nZhvillimin e aktiviteteve edukuese dhe promovuese, n\u00eb nivel vendor, t\u00eb cilat lidhen me mbrojtjen e mjedisit.<br \/>\nFunksionet e Bashkis\u00eb Kurbin n\u00eb fush\u00ebn e bujq\u00ebsis\u00eb, zhvillimit rural, pyjeve dhe kullotave publike, natyr\u00ebs dhe biodiversitetit<\/p>\n<p>Bashkia Kurbin \u00ebsht\u00eb p\u00ebrgjegj\u00ebse p\u00ebr kryerjen e k\u00ebtyre funksioneve:<\/p>\n<p>Administrimin, shfryt\u00ebzimin dhe mir\u00ebmbajtjen e infrastruktur\u00ebs s\u00eb ujitjes dhe kullimit, t\u00eb transferuar n\u00eb pron\u00ebsi t\u00eb tyre, sipas m\u00ebnyr\u00ebs s\u00eb p\u00ebrcaktuar me ligj;<br \/>\nAdministrimin dhe mbrojtjen e tokave bujq\u00ebsore e t\u00eb kategorive t\u00eb tjera t\u00eb resurseve, si toka t\u00eb pafrytshme etj., sipas m\u00ebnyr\u00ebs s\u00eb p\u00ebrcaktuar me ligj;<br \/>\nKrijimin dhe administrimin e sistemit vendor t\u00eb informacionit dhe k\u00ebshillimit bujq\u00ebsor e rural, sipas legjislacionit n\u00eb fuqi;<br \/>\nKrijimin dhe administrimin e skemave vendore t\u00eb granteve p\u00ebr bujq\u00ebsin\u00eb e zhvillimin rural, t\u00eb financuara nga buxheti lokal dhe\/ose me bashk\u00ebfinancim nga t\u00eb tret\u00ebt, duke garantuar akses t\u00eb balancuar gjinor;<br \/>\nAdministrimin e fondit pyjor dhe kullosor publik, sipas legjislacionit n\u00eb fuqi;<br \/>\nMbrojtjen e natyr\u00ebs e t\u00eb biodiversitetit, sipas legjislacionit n\u00eb fuqi.<br \/>\nFunksionet e Bashkis\u00eb Kurbin n\u00eb fush\u00ebn e zhvillimit ekonomik vendor<\/p>\n<p>Bashkia Kurbin \u00ebsht\u00eb p\u00ebrgjegj\u00ebse p\u00ebr kryerjen e k\u00ebtyre funksioneve:<\/p>\n<p>Hartimin e planeve strategjike t\u00eb zhvillimit e t\u00eb programeve p\u00ebr zhvillimin ekonomik vendor;<br \/>\nNgritjen dhe funksionimin e tregjeve publike dhe t\u00eb rrjetit t\u00eb tregtis\u00eb;<br \/>\nMb\u00ebshtetjen p\u00ebr zhvillimin e biznesit t\u00eb vog\u00ebl, n\u00ebp\u00ebrmjet veprimtarive nxit\u00ebse, t\u00eb tilla si panaire e reklama n\u00eb vende publike;<br \/>\nOrganizimin e sh\u00ebrbimeve n\u00eb mb\u00ebshtetje t\u00eb zhvillimit ekonomik vendor, si informacioni p\u00ebr bizneset, aktivitetet promovuese, v\u00ebnia n\u00eb dispozicion e aseteve publike etj;<br \/>\nPublikimin e broshurave informative, krijimin e portaleve me profil ekonomik etj;<br \/>\nDh\u00ebnien e granteve financiare p\u00ebr mb\u00ebshtetjen e aktiviteteve t\u00eb biznesit t\u00eb vog\u00ebl e t\u00eb mes\u00ebm, sipas m\u00ebnyr\u00ebs s\u00eb p\u00ebrcaktuar n\u00eb legjislacionin n\u00eb fuqi, duke garantuar akses t\u00eb balancuar gjinor.<br \/>\nFunksionet e Bashkis\u00eb Kurbin n\u00eb fush\u00ebn e siguris\u00eb publike<\/p>\n<p>Bashkia Kurbin \u00ebsht\u00eb p\u00ebrgjegj\u00ebse p\u00ebr garantimin e k\u00ebtyre funksioneve:<\/p>\n<p>Mbrojtjen civile, n\u00eb nivel vendor, dhe administrimin e strukturave p\u00ebrkat\u00ebse, sipas m\u00ebnyr\u00ebs s\u00eb p\u00ebrcaktuar me ligj;<br \/>\nGarantimin e sh\u00ebrbimit t\u00eb zjarrfik\u00ebsve, n\u00eb nivel vendor, dhe administrimin e strukturave p\u00ebrkat\u00ebse, sipas m\u00ebnyr\u00ebs s\u00eb p\u00ebrcaktuar me ligj;<br \/>\nGarantimin e mbar\u00ebvajtjes s\u00eb marr\u00ebdh\u00ebnieve n\u00eb komunitet, parandalimin dhe nd\u00ebrmjet\u00ebsimin p\u00ebr zgjidhjen e konflikteve n\u00eb komunitet;<br \/>\nParandalimin e kund\u00ebrvajtjeve administrative, forcimin, inspektimin dhe monitorimin e zbatimit t\u00eb rregulloreve e t\u00eb akteve t\u00eb nj\u00ebsive t\u00eb vet\u00eb-qeverisjes vendore brenda juridiksionit t\u00eb tyre vendor dhe n\u00eb p\u00ebrputhje me p\u00ebrcaktimet ligjore.[\/vc_column_text][\/vc_column][\/vc_row]\n","protected":false},"excerpt":{"rendered":"<p>[vc_row][vc_column][vc_column_text]Funksionet e Bashkis\u00eb Kurbin n\u00eb fush\u00ebn e infrastruktur\u00ebs dhe sh\u00ebrbimeve publike N\u00eb fush\u00ebn e infrastruktur\u00ebs dhe sh\u00ebrbimeve publike, Bashkia Kurbin \u00ebsht\u00eb p\u00ebrgjegj\u00ebse n\u00eb territorin e juridiksionit t\u00eb tyre p\u00ebr: Prodhimin, trajtimin, transmetimin dhe furnizimin me uj\u00eb t\u00eb pijsh\u00ebm; Mbledhjen, largimin dhe trajtimin e uj\u00ebrave t\u00eb ndotura; Mbledhjen dhe largimin e uj\u00ebrave t\u00eb shiut dhe mbrojtjen [&hellip;]<\/p>\n","protected":false},"author":1,"featured_media":0,"parent":0,"menu_order":0,"comment_status":"closed","ping_status":"closed","template":"","meta":{"footnotes":""},"class_list":["post-3674","page","type-page","status-publish","hentry"],"_links":{"self":[{"href":"https:\/\/www.bashkiakurbin.gov.al\/index.php?rest_route=\/wp\/v2\/pages\/3674","targetHints":{"allow":["GET"]}}],"collection":[{"href":"https:\/\/www.bashkiakurbin.gov.al\/index.php?rest_route=\/wp\/v2\/pages"}],"about":[{"href":"https:\/\/www.bashkiakurbin.gov.al\/index.php?rest_route=\/wp\/v2\/types\/page"}],"author":[{"embeddable":true,"href":"https:\/\/www.bashkiakurbin.gov.al\/index.php?rest_route=\/wp\/v2\/users\/1"}],"replies":[{"embeddable":true,"href":"https:\/\/www.bashkiakurbin.gov.al\/index.php?rest_route=%2Fwp%2Fv2%2Fcomments&post=3674"}],"version-history":[{"count":6,"href":"https:\/\/www.bashkiakurbin.gov.al\/index.php?rest_route=\/wp\/v2\/pages\/3674\/revisions"}],"predecessor-version":[{"id":3688,"href":"https:\/\/www.bashkiakurbin.gov.al\/index.php?rest_route=\/wp\/v2\/pages\/3674\/revisions\/3688"}],"wp:attachment":[{"href":"https:\/\/www.bashkiakurbin.gov.al\/index.php?rest_route=%2Fwp%2Fv2%2Fmedia&parent=3674"}],"curies":[{"name":"wp","href":"https:\/\/api.w.org\/{rel}","templated":true}]}}