{"id":3670,"date":"2023-12-20T15:26:44","date_gmt":"2023-12-20T15:26:44","guid":{"rendered":"https:\/\/www.bashkiakurbin.gov.al\/?page_id=3670"},"modified":"2023-12-20T15:32:27","modified_gmt":"2023-12-20T15:32:27","slug":"transparenca-dhe-llogaridhenia-ekonomike-financiare","status":"publish","type":"page","link":"https:\/\/www.bashkiakurbin.gov.al\/?page_id=3670","title":{"rendered":"Transparenca dhe llogaridhenia ekonomike financiare"},"content":{"rendered":"<p>[vc_row][vc_column][vc_column_text]Programi Buxhetor Afatmes\u00ebm parashikon nj\u00eb mbulim sa m\u00eb t\u00eb plot\u00eb t\u00eb territorit me sh\u00ebrbime publike cil\u00ebsore me qellim p\u00ebrmir\u00ebsimin e jetes\u00ebs s\u00eb qytetar\u00ebve; p\u00ebrmir\u00ebsimin dhe modernizimin e infrastruktur\u00ebs rrugore urbane dhe asaj rurale, p\u00ebrmir\u00ebsimin e sh\u00ebrbimit t\u00eb pastrimit n\u00eb t\u00eb gjith\u00eb territorin, rritjen e sip\u00ebrfaqeve t\u00eb gjelb\u00ebrta; zgjerimin e linjave t\u00eb transportit urban t\u00eb qytetit dhe rrethqytet\u00ebse si dhe nd\u00ebrtimin e terminalit p\u00ebr akomodimin e mjeteve t\u00eb transportit t\u00eb udh\u00ebtar\u00ebve; nd\u00ebrtimin dhe mir\u00ebmbajtjen e tregjeve t\u00eb reja; p\u00ebrmir\u00ebsimin e infrastruktur\u00ebs turistike dhe aksesit; mb\u00ebshtetjen e iniciativave p\u00ebr zhvillimin e zonave t\u00eb p\u00ebrmir\u00ebsimit t\u00eb biznesit; nxitjen e investimeve n\u00eb k\u00ebrkim dhe zhvillim (start up) dhe zhvillimin e SMS-ve ekzistuese; mbrojtjen e tokave bujqesore, reabilitimin dhe investimin e infrastruktur\u00ebn bujq\u00ebsore, promovimin dhe marketingun e produkteve bujq\u00ebsore; mbrojtjen e mjedisit, ruajtjen dhe p\u00ebrmir\u00ebsimin e tij; p\u00ebrmir\u00ebsimin e sistemit t\u00eb edukimit dhe trajnimit profesional, sigurimin e kushteve sa m\u00eb dinjitoze p\u00ebr f\u00ebmij\u00ebt dhe t\u00eb rinjt\u00eb Kurbinas; mbulimin e territorit me sh\u00ebrbime sociale sipas nevojave t\u00eb komunitetit; zhvillimin e aktiviteteve kulturore dhe sportive; sigurimin e mbrojtjes civile dhe menaxhimin e katastrofave n\u00eb t\u00eb gjith\u00eb territorin e Bashkis\u00eb Kurbin;<br \/>\nZbatimi i Programit Buxhetor Afatmes\u00ebm \u00ebsht\u00eb nj\u00eb instrument i r\u00ebnd\u00ebsish\u00ebm p\u00ebr p\u00ebrmir\u00ebsimin e cil\u00ebsis\u00eb s\u00eb jet\u00ebs, p\u00ebrmir\u00ebsimin e aksesit, integrimin territorial dhe barazin\u00eb n\u00eb sh\u00ebrbime, zhvillimin e q\u00ebndruesh\u00ebm ekonomik, rritjen e cil\u00ebsis\u00eb s\u00eb jetes\u00ebs, dhe mbrotjen e mjedisit duke e kthyer Shkodr\u00ebn n\u00eb nj\u00eb qend\u00ebr t\u00eb p\u00ebrparuar social \u2013 ekonomike. Ky dokument ka p\u00ebrcaktuar 30 programe dhe nj\u00eb seri funksionesh dhe aktivitetesh respektive p\u00ebr \u00e7do funksion, prandaj \u00ebsht\u00eb treguesi m\u00eb i mir\u00eb se si shpenzimet e planifikuara lidhen me veprimtarit\u00eb dhe projektet e planifikuara si dhe me Strategjin\u00eb e Zhvillimit dhe Planet Vendore q\u00eb i mb\u00ebshtesin k\u00ebto projekte.[\/vc_column_text][\/vc_column][\/vc_row]\n","protected":false},"excerpt":{"rendered":"<p>[vc_row][vc_column][vc_column_text]Programi Buxhetor Afatmes\u00ebm parashikon nj\u00eb mbulim sa m\u00eb t\u00eb plot\u00eb t\u00eb territorit me sh\u00ebrbime publike cil\u00ebsore me qellim p\u00ebrmir\u00ebsimin e jetes\u00ebs s\u00eb qytetar\u00ebve; p\u00ebrmir\u00ebsimin dhe modernizimin e infrastruktur\u00ebs rrugore urbane dhe asaj rurale, p\u00ebrmir\u00ebsimin e sh\u00ebrbimit t\u00eb pastrimit n\u00eb t\u00eb gjith\u00eb territorin, rritjen e sip\u00ebrfaqeve t\u00eb gjelb\u00ebrta; zgjerimin e linjave t\u00eb transportit urban t\u00eb qytetit [&hellip;]<\/p>\n","protected":false},"author":1,"featured_media":0,"parent":0,"menu_order":0,"comment_status":"closed","ping_status":"closed","template":"","meta":{"footnotes":""},"class_list":["post-3670","page","type-page","status-publish","hentry"],"_links":{"self":[{"href":"https:\/\/www.bashkiakurbin.gov.al\/index.php?rest_route=\/wp\/v2\/pages\/3670","targetHints":{"allow":["GET"]}}],"collection":[{"href":"https:\/\/www.bashkiakurbin.gov.al\/index.php?rest_route=\/wp\/v2\/pages"}],"about":[{"href":"https:\/\/www.bashkiakurbin.gov.al\/index.php?rest_route=\/wp\/v2\/types\/page"}],"author":[{"embeddable":true,"href":"https:\/\/www.bashkiakurbin.gov.al\/index.php?rest_route=\/wp\/v2\/users\/1"}],"replies":[{"embeddable":true,"href":"https:\/\/www.bashkiakurbin.gov.al\/index.php?rest_route=%2Fwp%2Fv2%2Fcomments&post=3670"}],"version-history":[{"count":2,"href":"https:\/\/www.bashkiakurbin.gov.al\/index.php?rest_route=\/wp\/v2\/pages\/3670\/revisions"}],"predecessor-version":[{"id":3673,"href":"https:\/\/www.bashkiakurbin.gov.al\/index.php?rest_route=\/wp\/v2\/pages\/3670\/revisions\/3673"}],"wp:attachment":[{"href":"https:\/\/www.bashkiakurbin.gov.al\/index.php?rest_route=%2Fwp%2Fv2%2Fmedia&parent=3670"}],"curies":[{"name":"wp","href":"https:\/\/api.w.org\/{rel}","templated":true}]}}