{"id":3652,"date":"2023-12-19T16:36:12","date_gmt":"2023-12-19T16:36:12","guid":{"rendered":"https:\/\/www.bashkiakurbin.gov.al\/?page_id=3652"},"modified":"2023-12-19T17:24:48","modified_gmt":"2023-12-19T17:24:48","slug":"mbi-organizimin-dhe-funksionimin-e-bashkise-kurbin","status":"publish","type":"page","link":"https:\/\/www.bashkiakurbin.gov.al\/?page_id=3652","title":{"rendered":"Mbi organizimin dhe funksionimin e Bashkis\u00eb Kurbin"},"content":{"rendered":"<p>[vc_row][vc_column][vc_column_text]<strong>Mbi organizimin dhe funksionimin e Bashkis\u00eb Kurbin<\/strong><br \/>\nSipas ligjit Nr.139\/2015 \u201cP\u00ebr vet\u00ebqeverisjen vendore\u201d Bashkia \u00ebsht\u00eb nj\u00ebsi baz\u00eb e vet\u00ebqeverisjes vendore, e cila p\u00ebrfaq\u00ebson nj\u00eb unitet administrativo-territorial dhe bashk\u00ebsi banor\u00ebsh. Bashkit\u00eb, shtrirja territoriale, emri dhe qyteti qend\u00ebr i saj p\u00ebrcaktohen me ligj. Bashkia p\u00ebrb\u00ebhet nga disa nj\u00ebsi administrative, sipas lidhjeve tradicionale, historike, ekonomike dhe sociale. Nj\u00ebsit\u00eb administrative p\u00ebrb\u00ebhen nga qytetet dhe\/ose fshatrat, shtrirja territoriale, emri i qyteteve dhe fshatrave, pjes\u00eb e \u00e7do nj\u00ebsie administrative, p\u00ebrcaktohen me ligj<\/p>\n<p><strong>Ndarja administrativo-territoriale<\/strong><br \/>\nNj\u00ebsit\u00eb administrative dhe n\u00ebn-ndarjet e tyre<\/p>\n<h4 class=\"h4Nja\">Nj\u00ebsit\u00eb administrative p\u00ebrb\u00ebr\u00ebse<\/h4>\n<table class=\"NjA_tablesIns\">\n<tbody>\n<tr>\n<td class=\"lefttdNjA\">Emri i Nj\u00ebsis\u00eb<\/td>\n<td class=\"righttdNjA\"><strong>Qytetet dhe fshatrat n\u00eb p\u00ebrb\u00ebrje t\u00eb tyre<\/strong><\/td>\n<\/tr>\n<tr>\n<td class=\"lefttdNjA\">La\u00e7<\/td>\n<td class=\"righttdNjA\">Qyteti La\u00e7, Fshatrat; La\u00e7 (Sanxhak)<\/td>\n<\/tr>\n<tr>\n<td class=\"lefttdNjA\">Mamurras<\/td>\n<td class=\"righttdNjA\">Qyteti Mamurras, Fshatrat; Fush\u00eb-Mamurras, Shp\u00ebrthet, Sh\u00ebmri, Zhej\u00eb, Katund i Ri, Gjorm, Droj\u00eb<\/td>\n<\/tr>\n<tr>\n<td class=\"lefttdNjA\">Milot<\/td>\n<td class=\"righttdNjA\">Qyteti Milot, Fshatrat; Skuraj, Mal Milot, Fush Milot, Mal Bardh\u00eb, Mal Bardhe I siperm, Gallat\u00eb, Selit\u00eb, Gernac, Vinjoll, Shullaz, Prozhm\u00eb, Delbnisht, Ferr-Shkopet, Shkopet<\/td>\n<\/tr>\n<tr>\n<td class=\"lefttdNjA\">Fush\u00eb-Kuqe<\/td>\n<td class=\"righttdNjA\">Fshatrat; Fush\u00eb \u2013 Kuqe, Adriatik, Patok, Gorre, Gur\u00ebz<\/td>\n<\/tr>\n<\/tbody>\n<\/table>\n<p><strong>Pasaporta e Bashkis\u00eb Kurbin<\/strong><br \/>\nZona Gjeografike: Bashkia e re e Kurbinit shtrihet n\u00eb Shqip\u00ebrin\u00eb qendrore dhe kufizohet n\u00eb veri me bashkit\u00eb Lezh\u00eb dhe Mirdit\u00eb, n\u00eb lindje me bashkin\u00eb Mat, n\u00eb jug me bashkit\u00eb Kruj\u00eb dhe Durr\u00ebs dhe n\u00eb per\u00ebndim me Detin Adriatik.<\/p>\n<p>Popullsia: Sipas censusit t\u00eb vitit 2011, n\u00eb territorin e bashkis\u00eb s\u00eb re Kurbin ka 46,291 banor\u00eb, nd\u00ebrsa sipas regjistrit civil ka 74,000 banor\u00eb. Me nj\u00eb sip\u00ebrfaqe prej 269.03 kilometrash katror\u00eb, densiteti i popullsis\u00eb sipas t\u00eb dh\u00ebnave t\u00eb Censusit 2011 \u00ebsht\u00eb 172 banor\u00eb km2, nd\u00ebrsa sipas Regjistrit Civil, densiteti \u00ebsht\u00eb 271 banor\u00eb km2.<\/p>\n<p><strong>T\u00eb dh\u00ebna t\u00eb tjera<\/strong>: Bashkia e re Kurbin shtrihet n\u00eb nj\u00eb zon\u00eb bujq\u00ebsore dhe pjes\u00ebrisht malore n\u00eb Shqip\u00ebrin\u00eb qendrore dhe ka nj\u00eb vij\u00eb bregdetare, q\u00eb shtrihet n\u00eb rezervatin natyror Patok-Fush\u00eb Kuqe.<\/p>\n<p>Kurbini gjendet p\u00ebrgjat\u00eb aksit rrugor dhe hekurudhor veri-jug, gj\u00eb q\u00eb ka sjell\u00eb edhe zhvillimin e sh\u00ebrbimeve t\u00eb transportit. Qyteti i La\u00e7it, i cili ka nj\u00eb t\u00eb tret\u00ebn e popullsis\u00eb s\u00eb bashkis\u00eb s\u00eb re, \u00ebsht\u00eb nj\u00eb zon\u00eb ish-industriale dhe \u00ebsht\u00eb krijuar si qytet p\u00ebrreth fabrikave t\u00eb Superfosfatit dhe t\u00eb pasurimit t\u00eb bakrit, q\u00eb t\u00eb dyja t\u00eb mbyllura shum\u00eb koh\u00eb m\u00eb par\u00eb. Fasoni ka z\u00ebvend\u00ebsuar k\u00ebto fabrika si burimi kryesor i pun\u00ebsimit n\u00eb qytet. Megjithat\u00eb, sot funksionon vet\u00ebm nj\u00eb fabrik\u00eb t\u00eb prodhimit t\u00eb k\u00ebpuc\u00ebve, ku jan\u00eb t\u00eb pun\u00ebsuar 100 gra. Papun\u00ebsia \u00ebsht\u00eb tep\u00ebr e lart\u00eb.<br \/>\nPjesa tjet\u00ebr e bashkis\u00eb \u00ebsht\u00eb zon\u00eb bujq\u00ebsore, nd\u00ebrsa me r\u00ebnd\u00ebsi konsiderohet Laguna e Patokut, e cila \u00ebsht\u00eb zhvilluar si zon\u00eb peshkimi dhe qend\u00ebr e turizmit ditor.<\/p>\n<p>Bim\u00ebsia \u00ebsht\u00eb e shp\u00ebrndar\u00eb sipas kushteve klimatike, duke formuar zon\u00ebn e shkurreve mesdhetare (zhvillohen shkurret, kryesisht shqopa e mareja), e dushqeve (lisi, g\u00ebshtenja), e ahishteve (ahu) dhe e halor\u00ebve (pisha). Duke u nisur sipas vetive t\u00eb p\u00ebrdorimit n\u00eb zon\u00eb rriten edhe bim\u00ebt mjeksore e aromatike, q\u00eb p\u00ebrmbajn\u00eb l\u00ebnd\u00eb aktive dhe esenca.[\/vc_column_text][\/vc_column][\/vc_row]\n","protected":false},"excerpt":{"rendered":"<p>[vc_row][vc_column][vc_column_text]Mbi organizimin dhe funksionimin e Bashkis\u00eb Kurbin Sipas ligjit Nr.139\/2015 \u201cP\u00ebr vet\u00ebqeverisjen vendore\u201d Bashkia \u00ebsht\u00eb nj\u00ebsi baz\u00eb e vet\u00ebqeverisjes vendore, e cila p\u00ebrfaq\u00ebson nj\u00eb unitet administrativo-territorial dhe bashk\u00ebsi banor\u00ebsh. Bashkit\u00eb, shtrirja territoriale, emri dhe qyteti qend\u00ebr i saj p\u00ebrcaktohen me ligj. Bashkia p\u00ebrb\u00ebhet nga disa nj\u00ebsi administrative, sipas lidhjeve tradicionale, historike, ekonomike dhe sociale. Nj\u00ebsit\u00eb [&hellip;]<\/p>\n","protected":false},"author":1,"featured_media":0,"parent":0,"menu_order":0,"comment_status":"closed","ping_status":"closed","template":"","meta":{"footnotes":""},"class_list":["post-3652","page","type-page","status-publish","hentry"],"_links":{"self":[{"href":"https:\/\/www.bashkiakurbin.gov.al\/index.php?rest_route=\/wp\/v2\/pages\/3652","targetHints":{"allow":["GET"]}}],"collection":[{"href":"https:\/\/www.bashkiakurbin.gov.al\/index.php?rest_route=\/wp\/v2\/pages"}],"about":[{"href":"https:\/\/www.bashkiakurbin.gov.al\/index.php?rest_route=\/wp\/v2\/types\/page"}],"author":[{"embeddable":true,"href":"https:\/\/www.bashkiakurbin.gov.al\/index.php?rest_route=\/wp\/v2\/users\/1"}],"replies":[{"embeddable":true,"href":"https:\/\/www.bashkiakurbin.gov.al\/index.php?rest_route=%2Fwp%2Fv2%2Fcomments&post=3652"}],"version-history":[{"count":6,"href":"https:\/\/www.bashkiakurbin.gov.al\/index.php?rest_route=\/wp\/v2\/pages\/3652\/revisions"}],"predecessor-version":[{"id":3659,"href":"https:\/\/www.bashkiakurbin.gov.al\/index.php?rest_route=\/wp\/v2\/pages\/3652\/revisions\/3659"}],"wp:attachment":[{"href":"https:\/\/www.bashkiakurbin.gov.al\/index.php?rest_route=%2Fwp%2Fv2%2Fmedia&parent=3652"}],"curies":[{"name":"wp","href":"https:\/\/api.w.org\/{rel}","templated":true}]}}