{"id":3627,"date":"2023-12-18T22:32:56","date_gmt":"2023-12-18T22:32:56","guid":{"rendered":"https:\/\/www.bashkiakurbin.gov.al\/?page_id=3627"},"modified":"2023-12-18T22:37:00","modified_gmt":"2023-12-18T22:37:00","slug":"agjensia-e-infrastruktures-rrugore-dhe-sherbimeve-mbeshtetese","status":"publish","type":"page","link":"https:\/\/www.bashkiakurbin.gov.al\/?page_id=3627","title":{"rendered":"AGJENSIA E INFRASTRUKTUR\u00cbS RRUGORE DHE SH\u00cbRBIMEVE MB\u00cbSHTET\u00cbSE"},"content":{"rendered":"<p>[vc_row][vc_column][vc_column_text]Drejtor:Kastriot BASHA<br \/>\nMisioni Agjensis\u00eb:<br \/>\nT\u00eb garantoj\u00eb q\u00eb sheshet dhe rrug\u00ebt, brenda territorit t\u00eb Bashkis\u00eb, plot\u00ebsojn\u00eb k\u00ebrkesat dhe<br \/>\nstandardet e p\u00ebrshtatshm\u00ebris\u00eb p\u00ebr l\u00ebvizje e njer\u00ebzve dhe mjeteve, si dhe p\u00ebr personat me aft\u00ebsi t\u00eb<br \/>\nkufizuara, sipas dispozitave t\u00eb p\u00ebrcaktuara n\u00eb rregulloret p\u00ebrkat\u00ebse.<br \/>\nDetyrat dhe p\u00ebrgjegj\u00ebsit\u00eb e Agjensis\u00eb:<br \/>\na) Drejtori dhe punonj\u00ebsit e Agjensis\u00eb p\u00ebrgjigjen para Kryetarit t\u00eb Bashkis\u00eb p\u00ebr zbatimin e<br \/>\npolitikave, strategjive dhe planeve t\u00eb fush\u00ebs p\u00ebrkat\u00ebse, si dhe p\u00ebr sigurimin e<br \/>\nmbar\u00ebvajtjes s\u00eb pun\u00ebs s\u00eb Agjensis\u00eb n\u00eb p\u00ebrputhje me ligjet, aktet n\u00ebnligjore apo aktet<br \/>\nrregullatore n\u00eb fuqi.<br \/>\nb) Drejtori i propozon Kryetarit t\u00eb Bashkis\u00eb llojin dhe sasin\u00eb e burimeve materiale,<br \/>\nfinanciare dhe njer\u00ebzore q\u00eb nevojiten p\u00ebr realizmin e objektivave dhe p\u00ebrmbushjen e<br \/>\ndetyrave t\u00eb k\u00ebsaj nj\u00ebsie organizative.<br \/>\nc) P\u00ebrgjigjet p\u00ebr pastrimin dhe dhe mir\u00ebmbajtjen e rrug\u00ebve rurale t\u00eb cilat jan\u00eb n\u00eb inventarin<br \/>\ne Bashkis\u00eb Kurbin;<br \/>\nd) Kontrollon \u00e7do dit\u00eb gjendjen e rrug\u00ebve, problemet q\u00eb ata kan\u00eb n\u00eb lidhje me<br \/>\nkalueshm\u00ebrin\u00eb, pikat ku duhet nd\u00ebrhyr\u00eb dhe raporton tek Kryetari i Bashkis\u00eb ose<br \/>\nzv\/Kryetari p\u00ebr \u00e7do problem. P\u00ebr kryerjen e detyr\u00ebs Drejtori i Agjensis\u00eb bashk\u00ebpunon me<br \/>\nKryetar\u00ebt e fshatrave dhe me banor\u00ebt e zon\u00ebs.<br \/>\ne) Merr masa p\u00ebr menaxhimin e p\u00ebrrenjve, kur \u00ebsht\u00eb e nevojshme, p\u00ebr t\u00eb parandaluar ose<br \/>\nzvog\u00ebluar ndikimet e erozionit.<br \/>\nf) Drejtori mbik\u00ebqyr q\u00eb burimet materiale, financiare dhe njer\u00ebzore, n\u00eb dispozicion t\u00eb k\u00ebsaj<br \/>\nnj\u00ebsie organizative t\u00eb p\u00ebrdoren n\u00eb m\u00ebnyr\u00eb efi\u00e7ente dhe efikase duke respektuar t\u00eb gjith\u00eb<br \/>\nkuadrin normativ dhe rregullator n\u00eb fuqi n\u00eb Republik\u00ebn e Shqip\u00ebris\u00eb.<br \/>\ng) \u00cbsht\u00eb p\u00ebrgjegj\u00ebs p\u00ebr drejtimin dhe kontrollin e realizimit t\u00eb detyrave nga specialist\u00ebt e<br \/>\nAgjensis\u00eb q\u00eb drejton;<br \/>\nh) Bashk\u00ebrendon bashk\u00ebpunimin midis nj\u00ebsive t\u00eb tjera p\u00ebrb\u00ebr\u00ebse t\u00eb drejtoris\u00eb dhe me nj\u00ebsit\u00eb<br \/>\ne tjera organizative;<br \/>\ni) Jep detaje, n\u00eb p\u00ebrputhje me fush\u00ebn p\u00ebrkat\u00ebse t\u00eb kompetenc\u00ebs, p\u00ebr materialet q\u00eb paraqiten<br \/>\nn\u00eb K\u00ebshillin Bashkiak, si dhe ndjek dhe kujdeset p\u00ebr zbatimin e vendimeve t\u00eb marra.[\/vc_column_text][\/vc_column][\/vc_row]\n","protected":false},"excerpt":{"rendered":"<p>[vc_row][vc_column][vc_column_text]Drejtor:Kastriot BASHA Misioni Agjensis\u00eb: T\u00eb garantoj\u00eb q\u00eb sheshet dhe rrug\u00ebt, brenda territorit t\u00eb Bashkis\u00eb, plot\u00ebsojn\u00eb k\u00ebrkesat dhe standardet e p\u00ebrshtatshm\u00ebris\u00eb p\u00ebr l\u00ebvizje e njer\u00ebzve dhe mjeteve, si dhe p\u00ebr personat me aft\u00ebsi t\u00eb kufizuara, sipas dispozitave t\u00eb p\u00ebrcaktuara n\u00eb rregulloret p\u00ebrkat\u00ebse. Detyrat dhe p\u00ebrgjegj\u00ebsit\u00eb e Agjensis\u00eb: a) Drejtori dhe punonj\u00ebsit e Agjensis\u00eb p\u00ebrgjigjen para Kryetarit [&hellip;]<\/p>\n","protected":false},"author":1,"featured_media":0,"parent":0,"menu_order":0,"comment_status":"closed","ping_status":"closed","template":"","meta":{"footnotes":""},"class_list":["post-3627","page","type-page","status-publish","hentry"],"_links":{"self":[{"href":"https:\/\/www.bashkiakurbin.gov.al\/index.php?rest_route=\/wp\/v2\/pages\/3627","targetHints":{"allow":["GET"]}}],"collection":[{"href":"https:\/\/www.bashkiakurbin.gov.al\/index.php?rest_route=\/wp\/v2\/pages"}],"about":[{"href":"https:\/\/www.bashkiakurbin.gov.al\/index.php?rest_route=\/wp\/v2\/types\/page"}],"author":[{"embeddable":true,"href":"https:\/\/www.bashkiakurbin.gov.al\/index.php?rest_route=\/wp\/v2\/users\/1"}],"replies":[{"embeddable":true,"href":"https:\/\/www.bashkiakurbin.gov.al\/index.php?rest_route=%2Fwp%2Fv2%2Fcomments&post=3627"}],"version-history":[{"count":2,"href":"https:\/\/www.bashkiakurbin.gov.al\/index.php?rest_route=\/wp\/v2\/pages\/3627\/revisions"}],"predecessor-version":[{"id":3630,"href":"https:\/\/www.bashkiakurbin.gov.al\/index.php?rest_route=\/wp\/v2\/pages\/3627\/revisions\/3630"}],"wp:attachment":[{"href":"https:\/\/www.bashkiakurbin.gov.al\/index.php?rest_route=%2Fwp%2Fv2%2Fmedia&parent=3627"}],"curies":[{"name":"wp","href":"https:\/\/api.w.org\/{rel}","templated":true}]}}