{"id":3587,"date":"2023-12-15T09:16:54","date_gmt":"2023-12-15T09:16:54","guid":{"rendered":"https:\/\/www.bashkiakurbin.gov.al\/?page_id=3587"},"modified":"2023-12-15T09:34:46","modified_gmt":"2023-12-15T09:34:46","slug":"drejtoria-e-sherbimeve-publike","status":"publish","type":"page","link":"https:\/\/www.bashkiakurbin.gov.al\/?page_id=3587","title":{"rendered":"DREJTORIA E SH\u00cbRBIMEVE PUBLIKE"},"content":{"rendered":"<p>[vc_row][vc_column][vc_column_text]<strong>Drejtor: Rudolf\u00a0 TOMA<\/strong><\/p>\n<p><strong>\u00a0<\/strong><\/p>\n<p><strong>Misioni i Drejtoris\u00eb:<\/strong><\/p>\n<p>&nbsp;<\/p>\n<p>Drejtoria e Sh\u00ebrbimeve Publike siguron realizimin e pun\u00ebve publike p\u00ebr komunitetin n\u00eb funksion t\u00eb zhvillimit t\u00eb integruar t\u00eb ekonomik, p\u00ebrmir\u00ebsimit t\u00eb jet\u00ebs s\u00eb qytetar\u00ebve dhe mbrojtjes s\u00eb ambientit. Drejtoria e Sh\u00ebrbimeve Publike merret me planifikimin e sh\u00ebrbimeve t\u00eb infrastruktur\u00ebs, menaxhimit dhe trajtimit t\u00eb mbetjeve, transportit dhe sh\u00ebrbimeve t\u00eb ofruara nga nd\u00ebrmarrjet e qendrat sociale\/kulturore n\u00eb var\u00ebsi t\u00eb Bashkis\u00eb, me q\u00ebllim ofrimin e tyre me kosto sa m\u00eb efektive n\u00eb koh\u00eb dhe sipas standardeve t\u00eb k\u00ebrkuara. P\u00ebr m\u00eb tep\u00ebr, kjo drejtori merret me zhvillimin e nj\u00eb rrjeti rrugor dhe nj\u00eb transporti publik t\u00eb shpesht\u00eb, t\u00eb shpejt\u00eb, t\u00eb besuesh\u00ebm dhe komfort, zbatimin e politikave dhe strategjive q\u00eb lidhen me rrjetet inxhinierike dhe konkretisht t\u00eb uj\u00ebsjell\u00ebs-kanalizime, telefonik dhe elektrik si dhe administrimin sa m\u00eb optimal t\u00eb dokumentacionit teknik p\u00ebr rrjetet e m\u00ebsip\u00ebrme, n\u00eb bashk\u00ebpunim me nd\u00ebrmarrjet\/shoq\u00ebrit\u00eb q\u00eb administrojn\u00eb rrjetet inxhinierike.<\/p>\n<p>Gjithashtu, Drejtoria e Sh\u00ebrbimeve Publike monitoron dhe mbikqyr veprimtarin\u00eb e agjencive, nd\u00ebrmarrjeve, qendrave ekonomike, sociale dhe kulturore n\u00eb var\u00ebsi t\u00eb bashkis\u00eb.<\/p>\n<p><strong>\u00a0<\/strong><\/p>\n<p><strong>Objektivat kryesore t\u00eb Drejtoris\u00eb s\u00eb Sh\u00ebrbimeve Publike jan\u00eb:<\/strong><\/p>\n<ol>\n<li>Propozon miratimin e projekteve t\u00eb sh\u00ebrbimeve publike, infrastruktur\u00ebs rrugore, arsimit, strehimit dhe sh\u00ebrbimit social me cil\u00ebsi dhe n\u00eb p\u00ebrputhje me praktikat m\u00eb t\u00eb mira komb\u00ebtare dhe nd\u00ebrkomb\u00ebtare;<\/li>\n<li>Kujdeset q\u00eb projektet dhe investimet t\u00eb kryhen me cil\u00ebsi, sipas standardeve t\u00eb k\u00ebrkuara dhe n\u00eb afatet e p\u00ebrcaktuara duke siguruar p\u00ebrmir\u00ebsimin e cil\u00ebsis\u00eb s\u00eb jet\u00ebs s\u00eb qytetar\u00ebve n\u00ebp\u00ebrmjet zbatimit dhe realizimit t\u00eb tyre;<\/li>\n<li>Siguron zhvillimin dhe p\u00ebrmir\u00ebsimin e rrjetit rrugor duke zbatuar planet e miratuara n\u00eb lidhje me transportin dhe garanton shp\u00ebrndarjen e rrjetit rrugor p\u00ebr \u00e7do p\u00ebrdorues;<\/li>\n<li>Zbaton master planin e transportit gjat\u00eb projektimit t\u00eb rrjetit rrugor, ku n\u00eb kuadrin e zhvillimit urban t\u00eb qytetit, b\u00ebn klasifikimin e rrjetit rrugor, shp\u00ebrndarjen e tij p\u00ebr \u00e7do p\u00ebrdorues, duke projektuar rrjetin rrugor, t\u00eb gjitha shenjat e trafikut si dhe teknologjit\u00eb e destinuara p\u00ebr rregullimin e trafikut, n\u00eb p\u00ebrputhje me plot\u00ebsimin e nevojave p\u00ebr l\u00ebvizshm\u00ebri;<\/li>\n<\/ol>\n<p>&nbsp;<\/p>\n<p><strong>Detyrat dhe p\u00ebrgjegj\u00ebsit\u00eb e Drejtoris\u00eb jan\u00eb:<\/strong><\/p>\n<ol>\n<li>Monitoron dhe vler\u00ebson sh\u00ebrbimet e ofruara nga agjencit\u00eb\/nd\u00ebrmarrjet n\u00eb var\u00ebsi t\u00eb Bashkis\u00eb, p\u00ebr ofrimin e nj\u00eb sh\u00ebrbimi sa m\u00eb cil\u00ebsor ndaj qytetar\u00ebve si dhe p\u00ebrdorimin n\u00eb m\u00ebnyr\u00eb eficente, efektive dhe ekonomike t\u00eb burimeve financiare q\u00eb ato disponojn\u00eb<\/li>\n<li>Menaxhon planin rregullues t\u00eb trafikut, vendkalimet dhe parkimet, me an\u00eb t\u00eb aktiviteteve t\u00eb monitorimit dhe vrojtimit t\u00eb analizave t\u00eb studimit;<\/li>\n<li>T\u00eb drejtoj\u00eb organizimin dhe bashk\u00ebrendimin e pun\u00ebve p\u00ebr hartimin e planeve t\u00eb p\u00ebrgatitjes p\u00ebr emergjenc\u00eb civile n\u00eb bashkin\u00eb p\u00ebr zbatimin e masave t\u00eb mbrojtjes;<\/li>\n<li>T\u00eb grumbulloj\u00eb dhe t\u00eb p\u00ebrpunoj\u00eb t\u00eb dh\u00ebnat e nevojshme nga nj\u00ebsit\u00eb administrative t\u00eb Bashkis\u00eb<\/li>\n<\/ol>\n<p>Kurbin p\u00ebr zbatimin e detyrave t\u00eb planizimit dhe p\u00ebrballimit t\u00eb emergjencave civile;<\/p>\n<ol>\n<li>T\u00eb organizoj\u00eb sistemin e lajm\u00ebrimit t\u00eb popullat\u00ebs p\u00ebr rrezikun dhe t\u00eb kujdeset p\u00ebr funksionimin e mjeteve t\u00eb lajm\u00ebrimit;<\/li>\n<li>T\u00eb parashikoj\u00eb burimet dhe rezervat e nevojshme p\u00ebr sistemimin e popullat\u00ebs n\u00eb raste t\u00eb emergjenc\u00ebs nga fatkeq\u00ebsi natyrore ose fatkeq\u00ebsi t\u00eb tjera;<\/li>\n<li>T\u00eb ndjek\u00eb riaft\u00ebsimin nga fatkeq\u00ebsit\u00eb natyrore ose nga fatkeq\u00ebsit\u00eb e tjera;<\/li>\n<li>T\u00eb paraqes\u00eb k\u00ebrkes\u00eb p\u00ebr ndihm\u00eb n\u00eb bashkit\u00eb fqinje e n\u00eb qark, n\u00ebse \u00ebsht\u00eb e nevojshme ;<\/li>\n<li>T\u00eb analizoj\u00eb gjendjen e planizimit dhe t\u00eb p\u00ebrballimit t\u00eb emergjenc\u00ebs civile n\u00eb bashki dhe t\u00eb n njoftoj\u00eb n\u00eb qark.<\/li>\n<li>T\u00eb zbatoj\u00eb detyrat e caktuara nga strukturat e planizimit dhe t\u00eb p\u00ebrballimit t\u00eb emergjencave civile n\u00eb nivel qendror;<\/li>\n<li>T\u00eb caktoj\u00eb drejtuesin e operacionit p\u00ebr p\u00ebrballimin e emergjenc\u00ebs civile n\u00eb territorin e Bashkis\u00eb.<\/li>\n<\/ol>\n<p>&nbsp;<\/p>\n<p><strong>SEKTORI I MONITORIMIT T\u00cb INVESTIMEVE DHE TRANSPORTIT<\/strong><\/p>\n<p><strong>\u00a0<\/strong><\/p>\n<p><strong>Detyratdhe p\u00ebrgjegj\u00ebsit\u00eb e Sektorit jan\u00eb:<\/strong><\/p>\n<ol>\n<li>Kontrollon zbatimin pik\u00eb per pik\u00eb t\u00eb kontrat\u00ebs s\u00eb lidhur midis Bashkis\u00eb dhe sipermarrjeve private, duke vler\u00ebsuar llojin e sh\u00ebrbimit dhe cil\u00ebsin\u00eb e tij n\u00eb var\u00ebsi t\u00eb koh\u00ebs, parashikuar n\u00eb kontrat\u00eb;<\/li>\n<li>Kontrollon ecurin\u00eb e punimeve me sip\u00ebrmarrjet sipas grafik\u00ebve t\u00eb miratuar nga Bashkia dhe b\u00ebn sh\u00ebnimet n\u00eb ditarin e detyrave qe ka kjo kompani. Problemet q\u00eb evidentohen i b\u00ebn prezent tek personi i kontaktit t\u00eb kompanis\u00eb;<\/li>\n<li>Lajm\u00ebron me shkrim n\u00eb m\u00ebnyr\u00eb periodike sip\u00ebrmarr\u00ebsin dhe eprorin direkt p\u00ebr problemet q\u00eb dalin gjat\u00eb kontrollit;<\/li>\n<li>Cakton pikat e vendosjes s\u00eb kontenier\u00ebve t\u00eb mbetjeve dhe b\u00ebn azhornimin e tyre n\u00eb hart\u00eb;<\/li>\n<li>B\u00ebn kontroll t\u00eb p\u00ebrditsh\u00ebm sipas grafik\u00ebve t\u00eb miratuar, per pastrimin e kontenjereve, per pastrimin, dezinfektimin e tyre dhe vendit ku jan\u00eb vendosur sipas kerkesave te kontraktuara.<\/li>\n<li>I paraqet eprorit direkt grafikun javor e mujor t\u00eb largimit t\u00eb mbeturinave sipas detyrave e objektivave te miratuara.<\/li>\n<li>Shqyrton ankesat e banor\u00ebve dhe b\u00ebn vler\u00ebsimin e tyre n\u00eb bashk\u00ebpunim me firmen e pastrimit.<\/li>\n<li>Duke u mb\u00ebshtetur ne nevojat e popullsis\u00eb p\u00ebr transportin qytet\u00ebs, asiston k\u00ebshillin bashkiak p\u00ebr t\u00eb p\u00ebrcaktuar linjat, si dhe p\u00ebr t\u00eb organizuar, financuar dhe vendosur p\u00ebr k\u00ebt\u00eb lloj transporti brenda juridiksionit t\u00eb vet;<\/li>\n<li>Jep li\u00e7encat p\u00ebr transportin qytet\u00ebs n\u00eb p\u00ebrputhje me legjislacionin n\u00eb fuqi; p\u00ebr k\u00ebt\u00eb q\u00ebllim, kontrollon q\u00eb transporti qytet\u00ebs t\u00eb kryhet me autobus vet\u00ebm nga shoq\u00ebrit\u00eb, t\u00eb cilat kane t\u00eb shprehur n\u00eb aktet e themelimit, si objekt te veprimtaris\u00eb, veprimtarin\u00eb e transportit t\u00eb udh\u00ebtar\u00ebve;<\/li>\n<li>P\u00ebrgatit dokumentet e nevojshme me q\u00ebllim q\u00eb K\u00ebshilli i Bashkis\u00eb t\u00eb p\u00ebrcaktoj\u00eb vendet e nisjes e t\u00eb mb\u00ebrritjes s\u00eb autobus\u00ebve dhe t\u00eb agjencive t\u00eb transportit t\u00eb udh\u00ebtar\u00ebve;<\/li>\n<li>Jep licencat p\u00ebr sh\u00ebrbimin taksi n\u00eb p\u00ebrputhje me numrin maksimal t\u00eb taksive, t\u00eb caktuara me udh\u00ebzim t\u00eb Ministrit;<\/li>\n<li>Siguron \u00e7do informacion dhe kryen studime dhe analiza me q\u00ebllim q\u00eb K\u00ebshilli Bashkiak t\u00eb miratoj\u00eb tarifat e biletave t\u00eb transportit qytetas t\u00eb udh\u00ebtar\u00ebve me autobus;<\/li>\n<li>Kontrollon q\u00eb shoq\u00ebrit\u00eb e transportit pajisin me bileta tatimore t\u00eb udh\u00ebtar\u00ebve p\u00ebr t\u00eb gjitha llojet e sh\u00ebrbimit t\u00eb transportit t\u00eb udh\u00ebtar\u00ebve, duke p\u00ebrjashtuar rastet kur mjetet e tipit 4+1 jan\u00eb pajisur me taksimet\u00ebr, me tregues fiskal.<\/li>\n<\/ol>\n<p>&nbsp;<\/p>\n<p>&nbsp;<\/p>\n<p><strong>SEKTORI I EMERGJENCAVE CIVILE<\/strong><\/p>\n<p><strong>Detyratdhe p\u00ebrgjegj\u00ebsit\u00eb e Sektorit jan\u00eb:<\/strong><\/p>\n<ol>\n<li>Ndjek zbatimin e planeve t\u00eb p\u00ebrballimit t\u00eb emergjencave t\u00eb hartuara dhe t\u00eb miratuara n\u00eb K\u00ebshillinBashkiak.<\/li>\n<li>P\u00ebr leht\u00ebsimin e efekteve negative t\u00eb krijuara nga situatat e emergjenc\u00ebs civile p\u00ebrgatit dheadministron dokumentacionin p\u00ebrkat\u00ebs p\u00ebr projektvendimet e K\u00ebshillit t\u00eb Bashkis\u00eb si dhe ndjekkorrespondenc\u00ebn me institucionet e tjera q\u00ebndrore dhe lokale.<\/li>\n<li>Koordinon pun\u00ebn me Nd\u00ebrrmarjen e Sh\u00ebrbimeve Publike, Nj\u00ebsin\u00eb Administrative Fratar p\u00ebr kontrolline vazhduesh\u00ebm t\u00eb gjendjes fizike, e pun\u00ebs p\u00ebr mir\u00ebmbajtjen e strehimeve t\u00eb mbrojtjes s\u00eb popullat\u00ebs.<\/li>\n<li>Marrja e masave p\u00ebr p\u00ebrmir\u00ebsimin e gjendjes s\u00eb tyre.<\/li>\n<li>Kryen kontroll t\u00eb vazhduesh\u00ebm p\u00ebr zbatimin e masave t\u00eb mbrojtjes nga zjarri n\u00eb vet\u00eb godin\u00ebn eBashkis\u00eb, Nj\u00ebsn\u00eb Administrative Fratar, Nd\u00ebrmarrjet e var\u00ebsis\u00eb.<\/li>\n<li>Evidenton rastet e d\u00ebmeve nga zjarri, rr\u00ebshqitje toke, p\u00ebrmbytje, d\u00ebmtime n\u00eb eksploziv etj. Dh\u00ebnia endihm\u00ebs financiare t\u00eb d\u00ebmtuarve n\u00eb baz\u00eb t\u00eb legjislacionit n\u00eb fuqi.<\/li>\n<li>Evidenton forcat operacionale, O.J.F-ve vendase e t\u00eb huaja q\u00eb veprojn\u00eb n\u00eb territorin e Bashkis\u00eb, meq\u00ebllim angazhimin e p\u00ebrfshirjen e tyre n\u00eb raste emergjence.<\/li>\n<\/ol>\n<p>&nbsp;<\/p>\n<p><strong>SEKTORI I STREHIMIT<\/strong><\/p>\n<p><strong>Detyrat dhe p\u00ebrgjegj\u00ebsit\u00eb e sektorit jan\u00eb:<\/strong><\/p>\n<ol>\n<li>Identifikon nevojat p\u00ebr strehim, sipas programeve te hartuara n\u00eb baz\u00eb t\u00eb ligjit n\u00eb fuqi p\u00ebr popullsin\u00eb nen juridiksionin territorial te tyre;<\/li>\n<li>Harton programe afatshkurt\u00ebra dhe afatgjata p\u00ebr strehimin dhe projekte bazuar ne burimet financiare;<\/li>\n<li>Paraqet k\u00ebrkesat pran\u00eb ministrit qe mbulon fush\u00ebn e strehimit, p\u00ebr financime, investime dhe subvencione;<\/li>\n<li>Krijon dhe administron, n\u00eb nivel vendor, baz\u00ebn e te dh\u00ebnave p\u00ebr familjet q\u00eb p\u00ebrfitojn\u00eb strehim;<\/li>\n<li>P\u00ebrcakton kostot maksimale te lejueshme, brenda kufijve te p\u00ebrcaktuar nga ministri q\u00eb mbulon fush\u00ebn e strehimit, p\u00ebr nd\u00ebrtimin e banesave, sipas k\u00ebtij ligji;<\/li>\n<li>Siguron nd\u00ebrtimin, administrimin dhe mir\u00ebmbajtjen e banesave sociale me qira;<\/li>\n<li>Njofton \u00e7do vit ministrin qe mbulon fush\u00ebn e strehimit, p\u00ebr ecurin\u00eb e programeve te strehimit, sipas k\u00ebtij ligji;<\/li>\n<li>Administron k\u00ebrkesat p\u00ebr p\u00ebrfitimin nga programet sociale t\u00eb strehimit dhe cakton p\u00ebrpar\u00ebsit\u00eb; p\u00ebrgatit dokumentacionin e nevojsh\u00ebm p\u00ebr miratimin e tyre me vendim t\u00eb k\u00ebshillit t\u00eb Bashkis\u00eb, p\u00ebrve\u00e7 rasteve kur p\u00ebrcaktohet ndryshe;<\/li>\n<li>Asiston k\u00ebshillin n\u00eb miratimin e sistemit t\u00eb pik\u00ebzimit p\u00ebr p\u00ebrzgjedhjen e familjeve p\u00ebrfituese;<\/li>\n<li>Siguron informacion t\u00eb plot\u00eb, t\u00eb leht\u00eb p\u00ebr t\u2019u gjetur, t\u00eb kuptuesh\u00ebm dhe t\u00eb lexuesh\u00ebm, edhe nga persona me munges\u00eb shikimi p\u00ebr llojin e programit social t\u00eb strehimit q\u00eb zbatohet n\u00eb Bashkin\u00eb Kurbin, kushtet q\u00eb duhet t\u00eb plot\u00ebsojn\u00eb subjektet e interesuara p\u00ebr t\u2019u p\u00ebrfshir\u00eb n\u00eb programin specifik t\u00eb strehimit; dokumentacionin q\u00eb k\u00ebrkohet p\u00ebr verifikimin e t\u00eb dh\u00ebnave q\u00eb deklaron subjekti i interesuar; dhe procedur\u00ebn q\u00eb do t\u00eb ndiqet nga Bashkia p\u00ebr miratimin e p\u00ebrfituesve;<\/li>\n<li>Garanton transparenc\u00eb n\u00eb procesin e p\u00ebrzgjedhjes s\u00eb p\u00ebrfituesve, n\u00ebp\u00ebrmjet publikimit t\u00eb sistemit t\u00eb pik\u00ebzimit dhe v\u00ebnies n\u00eb dispozicion, p\u00ebr t\u00eb interesuarit q\u00eb nuk jan\u00eb p\u00ebrzgjedhur, t\u00eb tabel\u00ebs p\u00ebrmbledh\u00ebse t\u00eb pik\u00ebzimit t\u00eb t\u00eb gjith\u00eb aplikant\u00ebve;<\/li>\n<li>Ndihmon p\u00ebr plot\u00ebsimin e formular\u00ebve t\u00eb aplikimit p\u00ebr strehim p\u00ebr personat me munges\u00eb shikimi, p\u00ebr ata q\u00eb nuk kuptojn\u00eb gjuh\u00ebn shqipe apo ata q\u00eb nuk din\u00eb shkrim e k\u00ebndim, si dhe siguron q\u00eb edhe grupe a individ\u00eb, q\u00eb kan\u00eb v\u00ebshtir\u00ebsi komunikimi, p\u00ebr shkak t\u00eb gjendjes s\u00eb tyre sh\u00ebndet\u00ebsore apo sociale, t\u00eb marrin informacionin e nevojsh\u00ebm p\u00ebr k\u00ebt\u00eb q\u00ebllim;<\/li>\n<li>Administron dhe mir\u00ebmban banesat sociale me qira duke zbatuar standardet e p\u00ebrcaktuara nga legjislacioni n\u00eb fuqi.<\/li>\n<\/ol>\n<p>[\/vc_column_text][\/vc_column][\/vc_row]\n","protected":false},"excerpt":{"rendered":"<p>[vc_row][vc_column][vc_column_text]Drejtor: Rudolf\u00a0 TOMA \u00a0 Misioni i Drejtoris\u00eb: &nbsp; Drejtoria e Sh\u00ebrbimeve Publike siguron realizimin e pun\u00ebve publike p\u00ebr komunitetin n\u00eb funksion t\u00eb zhvillimit t\u00eb integruar t\u00eb ekonomik, p\u00ebrmir\u00ebsimit t\u00eb jet\u00ebs s\u00eb qytetar\u00ebve dhe mbrojtjes s\u00eb ambientit. Drejtoria e Sh\u00ebrbimeve Publike merret me planifikimin e sh\u00ebrbimeve t\u00eb infrastruktur\u00ebs, menaxhimit dhe trajtimit t\u00eb mbetjeve, transportit dhe sh\u00ebrbimeve [&hellip;]<\/p>\n","protected":false},"author":1,"featured_media":0,"parent":0,"menu_order":0,"comment_status":"closed","ping_status":"closed","template":"","meta":{"footnotes":""},"class_list":["post-3587","page","type-page","status-publish","hentry"],"_links":{"self":[{"href":"https:\/\/www.bashkiakurbin.gov.al\/index.php?rest_route=\/wp\/v2\/pages\/3587","targetHints":{"allow":["GET"]}}],"collection":[{"href":"https:\/\/www.bashkiakurbin.gov.al\/index.php?rest_route=\/wp\/v2\/pages"}],"about":[{"href":"https:\/\/www.bashkiakurbin.gov.al\/index.php?rest_route=\/wp\/v2\/types\/page"}],"author":[{"embeddable":true,"href":"https:\/\/www.bashkiakurbin.gov.al\/index.php?rest_route=\/wp\/v2\/users\/1"}],"replies":[{"embeddable":true,"href":"https:\/\/www.bashkiakurbin.gov.al\/index.php?rest_route=%2Fwp%2Fv2%2Fcomments&post=3587"}],"version-history":[{"count":2,"href":"https:\/\/www.bashkiakurbin.gov.al\/index.php?rest_route=\/wp\/v2\/pages\/3587\/revisions"}],"predecessor-version":[{"id":3597,"href":"https:\/\/www.bashkiakurbin.gov.al\/index.php?rest_route=\/wp\/v2\/pages\/3587\/revisions\/3597"}],"wp:attachment":[{"href":"https:\/\/www.bashkiakurbin.gov.al\/index.php?rest_route=%2Fwp%2Fv2%2Fmedia&parent=3587"}],"curies":[{"name":"wp","href":"https:\/\/api.w.org\/{rel}","templated":true}]}}