{"id":2957,"date":"2021-12-15T11:24:35","date_gmt":"2021-12-15T10:24:35","guid":{"rendered":"http:\/\/www.shijak.gov.al\/?page_id=2953"},"modified":"2024-05-20T22:05:57","modified_gmt":"2024-05-20T22:05:57","slug":"raporte-te-keshillit-bashkiak","status":"publish","type":"page","link":"https:\/\/www.bashkiakurbin.gov.al\/?page_id=2957","title":{"rendered":"Raporte te Keshillit Bashkiak"},"content":{"rendered":"<p>[vc_row][vc_column][vc_column_text]<a href=\"https:\/\/www.bashkiakurbin.gov.al\/wp-content\/uploads\/2024\/05\/CCF_002194.pdf\">Per pun\u00e9n\/veprimtarin\u00e9 e k\u00e9shillit t\u00e9 bashkis\u00e9 kurbin p\u00e9r vitin 2023<\/a>[\/vc_column_text][\/vc_column][\/vc_row]\n","protected":false},"excerpt":{"rendered":"<p>[vc_row][vc_column][vc_column_text]Per pun\u00e9n\/veprimtarin\u00e9 e k\u00e9shillit t\u00e9 bashkis\u00e9 kurbin p\u00e9r vitin 2023[\/vc_column_text][\/vc_column][\/vc_row]<\/p>\n","protected":false},"author":1,"featured_media":0,"parent":0,"menu_order":0,"comment_status":"closed","ping_status":"closed","template":"","meta":{"footnotes":""},"class_list":["post-2957","page","type-page","status-publish","hentry"],"_links":{"self":[{"href":"https:\/\/www.bashkiakurbin.gov.al\/index.php?rest_route=\/wp\/v2\/pages\/2957","targetHints":{"allow":["GET"]}}],"collection":[{"href":"https:\/\/www.bashkiakurbin.gov.al\/index.php?rest_route=\/wp\/v2\/pages"}],"about":[{"href":"https:\/\/www.bashkiakurbin.gov.al\/index.php?rest_route=\/wp\/v2\/types\/page"}],"author":[{"embeddable":true,"href":"https:\/\/www.bashkiakurbin.gov.al\/index.php?rest_route=\/wp\/v2\/users\/1"}],"replies":[{"embeddable":true,"href":"https:\/\/www.bashkiakurbin.gov.al\/index.php?rest_route=%2Fwp%2Fv2%2Fcomments&post=2957"}],"version-history":[{"count":2,"href":"https:\/\/www.bashkiakurbin.gov.al\/index.php?rest_route=\/wp\/v2\/pages\/2957\/revisions"}],"predecessor-version":[{"id":4239,"href":"https:\/\/www.bashkiakurbin.gov.al\/index.php?rest_route=\/wp\/v2\/pages\/2957\/revisions\/4239"}],"wp:attachment":[{"href":"https:\/\/www.bashkiakurbin.gov.al\/index.php?rest_route=%2Fwp%2Fv2%2Fmedia&parent=2957"}],"curies":[{"name":"wp","href":"https:\/\/api.w.org\/{rel}","templated":true}]}}