{"id":2950,"date":"2021-12-15T11:19:12","date_gmt":"2021-12-15T10:19:12","guid":{"rendered":"http:\/\/www.shijak.gov.al\/?page_id=2939"},"modified":"2023-11-02T18:51:02","modified_gmt":"2023-11-02T18:51:02","slug":"rreth-keshillit-bashkiak","status":"publish","type":"page","link":"https:\/\/www.bashkiakurbin.gov.al\/?page_id=2950","title":{"rendered":"Rreth Keshillit Bashkiak"},"content":{"rendered":"<p>[vc_row][vc_column][vc_column_text]\n<p style=\"text-align: center;\">K\u00ebshilli Bashkiak, Detyrat dhe Vendimmarrja<\/p>\n<h2>K\u00ebshilli Bashkiak<\/h2>\n<ul>\n<li>\u00cbsht\u00eb organi p\u00ebrfaq\u00ebsues i Bashkis\u00eb;<\/li>\n<li>Funksion n\u00eb baz\u00eb t\u00eb rregullores s\u00eb miratuar nga vet\u00eb k\u00ebshilltar\u00ebt;<\/li>\n<li>Ushtron vendimmarrjen e tij n\u00ebp\u00ebrmjet vendimeve dhe rezolutave, t\u00eb cilat publikohen n\u00eb faqen zyrtare t\u00eb internetit t\u00eb nj\u00ebsis\u00eb s\u00eb vet\u00ebqeverisjes vendore dhe afishohen n\u00eb vendet e caktuara nga nj\u00ebsia p\u00ebr njoftimet publike.<\/li>\n<li>\u00cbsht\u00eb i p\u00ebrb\u00ebr\u00eb nga:Kryetari;Zv\/kryetar\u00ebt;Sekretari; Komisionet, Bordet, K\u00ebshilltar\u00ebt.<\/li>\n<\/ul>\n<p>[\/vc_column_text][\/vc_column][\/vc_row][vc_row][vc_column][vc_column_text]\n<h2>Mbledhja e K\u00ebshillit<\/h2>\n<ul>\n<li>Th\u00ebrritet me k\u00ebrkes\u00ebn e Kryetarit t\u00eb K\u00ebshillit; me k\u00ebrkes\u00ebn e Kryetarit t\u00eb Bashkis\u00eb, me k\u00ebrkes\u00ebt\u00eb jo m\u00eb pak se 1\/3 e an\u00ebtar\u00ebve t\u00eb tij; thirret edhe nga prefekti p\u00ebr \u00e7\u00ebshtje q\u00eb lidhen me ushtrimin e funksioneve t\u00eb tij.<\/li>\n<li>Quhet e vlefshme kur n\u00eb t\u00eb merr pjes\u00eb shumica e t\u00eb gjith\u00eb an\u00ebtar\u00ebve t\u00eb k\u00ebshillit, me p\u00ebrjashtim t\u00eb rasteve kur k\u00ebrkohet nj\u00eb shumic\u00eb tjet\u00ebr p\u00ebr marrjen e vendimeve.<\/li>\n<li>Realizohet e hapur ose e mbyllur p\u00ebr publikun.Me k\u00ebrkes\u00ebn e kryetarit t\u00eb k\u00ebshillit ose t\u00eb nj\u00eb t\u00eb pest\u00ebs s\u00eb an\u00ebtar\u00ebve t\u00eb k\u00ebshillit bashkiak, mbledhjet e k\u00ebshillit bashkiak mund t\u00eb b\u00ebhen t\u00eb mbyllura, kur p\u00ebr k\u00ebt\u00eb kan\u00eb votuar jo m\u00eb pak se tre t\u00eb pestat e gjith\u00eb an\u00ebtar\u00ebve t\u00eb tij.<\/li>\n<\/ul>\n<p>[\/vc_column_text][\/vc_column][\/vc_row][vc_row][vc_column][vc_column_text]\n<h2>Detyrat dhe Vendimmarrja e K\u00ebshillit<\/h2>\n<ul>\n<li>Vendimmarja me ose pa konsultim publik;<\/li>\n<li>Vendimmarrja sipas pjes\u00ebmarrjes s\u00eb k\u00ebshilltar\u00ebve n\u00eb votim.<\/li>\n<\/ul>\n<p>[\/vc_column_text][\/vc_column][\/vc_row][vc_row][vc_column][vc_column_text]\n<h2>K\u00ebshilli bashkiak vendos p\u00ebr:<\/h2>\n<ul>\n<li>Zgjedh nga p\u00ebrb\u00ebrja e vet komisionet e k\u00ebshillit dhe miraton rregulloren e brendshme t\u00eb funksionimit t\u00eb vet; miraton buxhetin dhe ndryshimet e tij, numrin maksimal t\u00eb punonj\u00ebsve,taksat e tarifat vendore. Me konsultim publik dhe vendimi miratohet me shumic\u00ebn e votate t\u00eb t\u00eb gjith\u00eb an\u00ebtar\u00ebve t\u00eb K\u00ebshillit.<\/li>\n<li>Zgjedh duke respektuar ligjin p\u00ebr barazin\u00eb gjinore, kryetarin, z\u00ebvend\u00ebskryetar\u00ebt, sekretarin e k\u00ebshillit dhe p\u00ebrfaq\u00ebsuesit e k\u00ebshillit n\u00eb qark dhe i shkarkon;miraton aktet e themelimit t\u00eb nd\u00ebrmarrjeve, shoq\u00ebrive tregtare, si dhe t\u00eb personave t\u00eb tjer\u00eb juridik\u00eb q\u00eb krijon vet\u00eb ose me t\u00eb cil\u00ebt \u00ebsht\u00eb bashk\u00ebthemelues;vendos p\u00ebr marrjen e kredive dhe shlyerjen e detyrimeve ndaj t\u00eb tret\u00ebve;vendos p\u00ebr krijimin e institucioneve t\u00eb p\u00ebrbashk\u00ebta me nj\u00ebsi t\u00eb tjera t\u00eb vet\u00ebqeverisjes vendore, p\u00ebrfshir\u00eb subjektin e kompetencave t\u00eb p\u00ebrbashk\u00ebta ose me persona t\u00eb tret\u00eb; vendos p\u00ebr dh\u00ebnien ose deklarimin e mbarimit t\u00eb mandatit t\u00eb k\u00ebshilltarit;Pa konsultim publik dhe vendimi miratohet me shumic\u00ebn e votate t\u00eb t\u00eb gjith\u00eb an\u00ebtar\u00ebve t\u00eb K\u00ebshillit.<\/li>\n<li>Miraton tjet\u00ebrsimin ose dh\u00ebnien n\u00eb p\u00ebrdorim t\u00eb pronave t\u00eb tret\u00ebveMe konsultim publik dhe jo m\u00eb pak se tre t\u00eb pestat e numrit t\u00eb p\u00ebrgjithsh\u00ebm t\u00eb an\u00ebtar\u00ebve t\u00eb k\u00ebshillit.<\/li>\n<li>Miraton norma, standarde e kritere p\u00ebr rregullimin dhe disiplinimin e funksioneve q\u00eb i jan\u00eb dh\u00ebn\u00eb atij me ligj, si dhe p\u00ebr mbrojtjen e garantimin e interesit public. Me konsultim publik dhe me shumic\u00ebn e votave, n\u00eb prani t\u00eb m\u00eb shum\u00eb se gjysm\u00ebs s\u00eb t\u00eb gjith\u00eb an\u00ebtar\u00ebve t\u00eb k\u00ebshillit.<\/li>\n<li>Miraton nivelin e pagave e t\u00eb shp\u00ebrblimeve t\u00eb punonj\u00ebsve e t\u00eb personave t\u00eb tjer\u00eb, t\u00eb zgjedhur ose t\u00eb em\u00ebruar;organizon dhe mbik\u00ebqyr kontrollin e brendsh\u00ebm t\u00eb bashkis\u00eb; vendos p\u00ebr fillimin e procedurave gjyq\u00ebsore p\u00ebr \u00e7\u00ebshtje t\u00eb kompetenc\u00ebs s\u00eb vet; vendos p\u00ebr simbolet e bashkis\u00eb, em\u00ebrtimin e rrug\u00ebve, shesheve, territoreve, institucioneve dhe objekteve n\u00eb juridiksionin e bashkis\u00eb; jep tituj nderi dhe stimuj;vendos p\u00ebr rregullat, procedurat dhe m\u00ebnyrat e realizimit t\u00eb funksioneve t\u00eb deleguara, n\u00eb baz\u00eb dhe p\u00ebr zbatim t\u00eb ligjit, me t\u00eb cilin b\u00ebhet ky delegim te bashkia. Pa konsultim publik dhe merren me shumic\u00ebn e votave, n\u00eb prani t\u00eb m\u00eb shum\u00eb se gjysm\u00ebs s\u00eb t\u00eb gjith\u00eb an\u00ebtar\u00ebve t\u00eb k\u00ebshillit.<\/li>\n<\/ul>\n<p>[\/vc_column_text][\/vc_column][\/vc_row][vc_row][vc_column][vc_column_text]\n<h2>Aktet e K\u00ebshillit Bashkiak:<\/h2>\n<ul>\n<li>Publikohen n\u00eb faqen zyrtare t\u00eb internetit dhe afishohen n\u00eb vende publike, t\u00eb caktuara nga k\u00ebshilli me akses t\u00eb lir\u00eb publik, brenda territorit t\u00eb nj\u00ebsis\u00eb dhe, sipas mund\u00ebsive, k\u00ebshilli cakton edhe forma t\u00eb tjera t\u00eb publikimit t\u00eb tyre.<\/li>\n<li>Shpallen brenda 10 dit\u00ebve nga data e miratimit t\u00eb tyre dhe hyjn\u00eb n\u00eb fuqi 10 dit\u00eb pas shpalljes. Aktet me karakter individual hyjn\u00eb n\u00eb fuqi n\u00eb dat\u00ebn e njoftimit t\u00eb tyre subjekteve q\u00eb p\u00ebrfshihen n\u00eb to.<\/li>\n<\/ul>\n<p>[\/vc_column_text][\/vc_column][\/vc_row]\n","protected":false},"excerpt":{"rendered":"<p>[vc_row][vc_column][vc_column_text] K\u00ebshilli Bashkiak, Detyrat dhe Vendimmarrja K\u00ebshilli Bashkiak \u00cbsht\u00eb organi p\u00ebrfaq\u00ebsues i Bashkis\u00eb; Funksion n\u00eb baz\u00eb t\u00eb rregullores s\u00eb miratuar nga vet\u00eb k\u00ebshilltar\u00ebt; Ushtron vendimmarrjen e tij n\u00ebp\u00ebrmjet vendimeve dhe rezolutave, t\u00eb cilat publikohen n\u00eb faqen zyrtare t\u00eb internetit t\u00eb nj\u00ebsis\u00eb s\u00eb vet\u00ebqeverisjes vendore dhe afishohen n\u00eb vendet e caktuara nga nj\u00ebsia p\u00ebr njoftimet publike. [&hellip;]<\/p>\n","protected":false},"author":1,"featured_media":0,"parent":0,"menu_order":0,"comment_status":"closed","ping_status":"closed","template":"","meta":{"footnotes":""},"class_list":["post-2950","page","type-page","status-publish","hentry"],"_links":{"self":[{"href":"https:\/\/www.bashkiakurbin.gov.al\/index.php?rest_route=\/wp\/v2\/pages\/2950","targetHints":{"allow":["GET"]}}],"collection":[{"href":"https:\/\/www.bashkiakurbin.gov.al\/index.php?rest_route=\/wp\/v2\/pages"}],"about":[{"href":"https:\/\/www.bashkiakurbin.gov.al\/index.php?rest_route=\/wp\/v2\/types\/page"}],"author":[{"embeddable":true,"href":"https:\/\/www.bashkiakurbin.gov.al\/index.php?rest_route=\/wp\/v2\/users\/1"}],"replies":[{"embeddable":true,"href":"https:\/\/www.bashkiakurbin.gov.al\/index.php?rest_route=%2Fwp%2Fv2%2Fcomments&post=2950"}],"version-history":[{"count":3,"href":"https:\/\/www.bashkiakurbin.gov.al\/index.php?rest_route=\/wp\/v2\/pages\/2950\/revisions"}],"predecessor-version":[{"id":3316,"href":"https:\/\/www.bashkiakurbin.gov.al\/index.php?rest_route=\/wp\/v2\/pages\/2950\/revisions\/3316"}],"wp:attachment":[{"href":"https:\/\/www.bashkiakurbin.gov.al\/index.php?rest_route=%2Fwp%2Fv2%2Fmedia&parent=2950"}],"curies":[{"name":"wp","href":"https:\/\/api.w.org\/{rel}","templated":true}]}}