{"id":267,"date":"2017-04-04T09:42:09","date_gmt":"2017-04-04T09:42:09","guid":{"rendered":"http:\/\/www.shijak.gov.al\/?page_id=267"},"modified":"2023-12-04T23:22:01","modified_gmt":"2023-12-04T23:22:01","slug":"kryetari-i-bashkise","status":"publish","type":"page","link":"https:\/\/www.bashkiakurbin.gov.al\/?page_id=267","title":{"rendered":"Kryetari i Bashkise"},"content":{"rendered":"<p>[vc_row][vc_column width=&#8221;1\/2&#8243;][vc_column_text]\n<p><img loading=\"lazy\" decoding=\"async\" class=\"alignnone wp-image-3430\" src=\"https:\/\/www.bashkiakurbin.gov.al\/wp-content\/uploads\/2023\/12\/265291796_297530742388750_5748942494181265878_n-300x300.jpg\" alt=\"\" width=\"421\" height=\"421\" srcset=\"https:\/\/www.bashkiakurbin.gov.al\/wp-content\/uploads\/2023\/12\/265291796_297530742388750_5748942494181265878_n-300x300.jpg 300w, https:\/\/www.bashkiakurbin.gov.al\/wp-content\/uploads\/2023\/12\/265291796_297530742388750_5748942494181265878_n-1024x1024.jpg 1024w, https:\/\/www.bashkiakurbin.gov.al\/wp-content\/uploads\/2023\/12\/265291796_297530742388750_5748942494181265878_n-150x150.jpg 150w, https:\/\/www.bashkiakurbin.gov.al\/wp-content\/uploads\/2023\/12\/265291796_297530742388750_5748942494181265878_n-768x768.jpg 768w, https:\/\/www.bashkiakurbin.gov.al\/wp-content\/uploads\/2023\/12\/265291796_297530742388750_5748942494181265878_n-600x600.jpg 600w, https:\/\/www.bashkiakurbin.gov.al\/wp-content\/uploads\/2023\/12\/265291796_297530742388750_5748942494181265878_n.jpg 1066w\" sizes=\"auto, (max-width: 421px) 100vw, 421px\" \/><\/p>\n<p>[\/vc_column_text][\/vc_column][vc_column width=&#8221;1\/2&#8243;][vc_column_text]\n<p>Majlinda Cara &#8211; Kryetar, Bashkia Kurbin<\/p>\n<p>Znj. Majlinda Cara, e dat\u00eblindjes 17 Janar 1983, \u00ebsht\u00eb e martuar dhe ka dy vajza.<\/p>\n<p>Znj. Cara ka p\u00ebrfunduar arsimin e lart\u00eb n\u00eb Universitetin &#8220;Luigj Gurakuqi&#8221; Shkod\u00ebr, Fakulteti i Shkencave Shoq\u00ebrore si dhe Master profesional n\u00eb Manaxhim Arsimi. Gjithashtu ajo zot\u00ebron diplom\u00eb &#8220;Master i Shkencave n\u00eb E Drejt\u00eb Penale&#8221; dhe ka kryer kualifikime t\u00eb ndryshme n\u00eb fush\u00ebn e arsimit dhe t\u00eb administrimit publik.<\/p>\n<p>Eksperienca n\u00eb pun\u00eb fillon me m\u00ebsimdh\u00ebnien n\u00eb shkollat e qytetit t\u00eb La\u00e7it, p\u00ebr t\u00eb vazhduar m\u00eb tej n\u00eb K\u00ebshillin Bashkiak t\u00eb Bashkis\u00eb Kurbin. Gjat\u00eb periudh\u00ebs 2014-2019, znj. Cara ka drejtuar Zyr\u00ebn Arsimore Kurbin.<\/p>\n<p>Znj. Cara ka qen\u00eb pjes\u00eb e organizimeve t\u00eb ndryshme sociale me fokus kryesor gruan dhe fuqizimin e rolit t\u00eb saj n\u00eb vendimmarrje.<\/p>\n<p>[\/vc_column_text][\/vc_column][\/vc_row]\n","protected":false},"excerpt":{"rendered":"<p>[vc_row][vc_column width=&#8221;1\/2&#8243;][vc_column_text] [\/vc_column_text][\/vc_column][vc_column width=&#8221;1\/2&#8243;][vc_column_text] Majlinda Cara &#8211; Kryetar, Bashkia Kurbin Znj. Majlinda Cara, e dat\u00eblindjes 17 Janar 1983, \u00ebsht\u00eb e martuar dhe ka dy vajza. Znj. Cara ka p\u00ebrfunduar arsimin e lart\u00eb n\u00eb Universitetin &#8220;Luigj Gurakuqi&#8221; Shkod\u00ebr, Fakulteti i Shkencave Shoq\u00ebrore si dhe Master profesional n\u00eb Manaxhim Arsimi. Gjithashtu ajo zot\u00ebron diplom\u00eb &#8220;Master i Shkencave [&hellip;]<\/p>\n","protected":false},"author":1,"featured_media":0,"parent":0,"menu_order":0,"comment_status":"closed","ping_status":"closed","template":"","meta":{"footnotes":""},"class_list":["post-267","page","type-page","status-publish","hentry"],"_links":{"self":[{"href":"https:\/\/www.bashkiakurbin.gov.al\/index.php?rest_route=\/wp\/v2\/pages\/267","targetHints":{"allow":["GET"]}}],"collection":[{"href":"https:\/\/www.bashkiakurbin.gov.al\/index.php?rest_route=\/wp\/v2\/pages"}],"about":[{"href":"https:\/\/www.bashkiakurbin.gov.al\/index.php?rest_route=\/wp\/v2\/types\/page"}],"author":[{"embeddable":true,"href":"https:\/\/www.bashkiakurbin.gov.al\/index.php?rest_route=\/wp\/v2\/users\/1"}],"replies":[{"embeddable":true,"href":"https:\/\/www.bashkiakurbin.gov.al\/index.php?rest_route=%2Fwp%2Fv2%2Fcomments&post=267"}],"version-history":[{"count":4,"href":"https:\/\/www.bashkiakurbin.gov.al\/index.php?rest_route=\/wp\/v2\/pages\/267\/revisions"}],"predecessor-version":[{"id":3434,"href":"https:\/\/www.bashkiakurbin.gov.al\/index.php?rest_route=\/wp\/v2\/pages\/267\/revisions\/3434"}],"wp:attachment":[{"href":"https:\/\/www.bashkiakurbin.gov.al\/index.php?rest_route=%2Fwp%2Fv2%2Fmedia&parent=267"}],"curies":[{"name":"wp","href":"https:\/\/api.w.org\/{rel}","templated":true}]}}

<p>[vc_row][vc_column width=&#8221;1/2&#8243;][vc_column_text]
<p><img loading="lazy" decoding="async" class="alignnone wp-image-3430" src="https://www.bashkiakurbin.gov.al/wp-content/uploads/2023/12/265291796_297530742388750_5748942494181265878_n-300x300.jpg" alt="" width="421" height="421" srcset="https://www.bashkiakurbin.gov.al/wp-content/uploads/2023/12/265291796_297530742388750_5748942494181265878_n-300x300.jpg 300w, https://www.bashkiakurbin.gov.al/wp-content/uploads/2023/12/265291796_297530742388750_5748942494181265878_n-1024x1024.jpg 1024w, https://www.bashkiakurbin.gov.al/wp-content/uploads/2023/12/265291796_297530742388750_5748942494181265878_n-150x150.jpg 150w, https://www.bashkiakurbin.gov.al/wp-content/uploads/2023/12/265291796_297530742388750_5748942494181265878_n-768x768.jpg 768w, https://www.bashkiakurbin.gov.al/wp-content/uploads/2023/12/265291796_297530742388750_5748942494181265878_n-600x600.jpg 600w, https://www.bashkiakurbin.gov.al/wp-content/uploads/2023/12/265291796_297530742388750_5748942494181265878_n.jpg 1066w" sizes="auto, (max-width: 421px) 100vw, 421px" /></p>
<p>[/vc_column_text][/vc_column][vc_column width=&#8221;1/2&#8243;][vc_column_text]
<p>Majlinda Cara &#8211; Kryetar, Bashkia Kurbin</p>
<p>Znj. Majlinda Cara, e datëlindjes 17 Janar 1983, është e martuar dhe ka dy vajza.</p>
<p>Znj. Cara ka përfunduar arsimin e lartë në Universitetin &#8220;Luigj Gurakuqi&#8221; Shkodër, Fakulteti i Shkencave Shoqërore si dhe Master profesional në Manaxhim Arsimi. Gjithashtu ajo zotëron diplomë &#8220;Master i Shkencave në E Drejtë Penale&#8221; dhe ka kryer kualifikime të ndryshme në fushën e arsimit dhe të administrimit publik.</p>
<p>Eksperienca në punë fillon me mësimdhënien në shkollat e qytetit të Laçit, për të vazhduar më tej në Këshillin Bashkiak të Bashkisë Kurbin. Gjatë periudhës 2014-2019, znj. Cara ka drejtuar Zyrën Arsimore Kurbin.</p>
<p>Znj. Cara ka qenë pjesë e organizimeve të ndryshme sociale me fokus kryesor gruan dhe fuqizimin e rolit të saj në vendimmarrje.</p>
<p>[/vc_column_text][/vc_column][/vc_row]

<p>[vc_row][vc_column width=&#8221;1/2&#8243;][vc_column_text] [/vc_column_text][/vc_column][vc_column width=&#8221;1/2&#8243;][vc_column_text] Majlinda Cara &#8211; Kryetar, Bashkia Kurbin Znj. Majlinda Cara, e datëlindjes 17 Janar 1983, është e martuar dhe ka dy vajza. Znj. Cara ka përfunduar arsimin e lartë në Universitetin &#8220;Luigj Gurakuqi&#8221; Shkodër, Fakulteti i Shkencave Shoqërore si dhe Master profesional në Manaxhim Arsimi. Gjithashtu ajo zotëron diplomë &#8220;Master i Shkencave [&hellip;]</p>
